43)/5. What is the greatest common divisor of r and v?
9
Let j = 3 + 1. Let y = j - -6. Let a be -15*((-56)/(-6))/(-2). Calculate the highest common factor of y and a.
10
Suppose 0 = 3*b - 7 - 5. Suppose -b*h - 13 = -5*l + 11, 0 = 5*l + h - 44. Suppose 20 + 180 = 5*y. What is the highest common divisor of l and y?
8
Let b be 3/3 - 0/(-3). Let u(v) = 13*v**3 - v**2 + 2*v - 1. Let j be u(b). Let w(a) = -9*a - 2. Let g be w(-6). Calculate the highest common factor of j and g.
13
Suppose 3*v = 10 - 4. Suppose -z + v*z = -4*q + 1, 0 = -3*q - 3. What is the highest common divisor of z and 20?
5
Let j = 582 + -288. What is the highest common factor of j and 49?
49
Let r = 42 + -36. Let b = 39 - 21. What is the highest common factor of r and b?
6
Suppose 11 = 3*x + m, 4*m = -5*x - 0 + 23. Suppose x*l - 8*l + 480 = 0. What is the highest common factor of 24 and l?
24
Let b be ((-8)/(-4) + -1)*-1. Let u(k) = -106*k + 2. Let m be u(b). Calculate the highest common divisor of m and 12.
12
Suppose 4*n - 13 - 63 = 0. Suppose -3*u = 4 - n, 3*u + 27 = 3*j. Calculate the greatest common divisor of 126 and j.
14
Let f be 16/56 - (2 + (-110)/7). What is the greatest common divisor of f and 21?
7
Suppose -2*r = -7*r + 215. Suppose r = y - 56. What is the greatest common divisor of 9 and y?
9
Let t = 155 + -12. Let r(n) = -71*n + 2. Let s be r(-3). Let w = s - t. What is the highest common divisor of w and 18?
18
Suppose 3 = l - 2. Let o be 1299/9 - 2/6. Suppose -o - 21 = -l*z. What is the highest common divisor of 22 and z?
11
Let t = 15 + -3. Suppose 5*p = -5*b + b + 53, -4*p = -2*b + 20. Calculate the highest common divisor of t and b.
12
Let b(p) = -p**3 - p + 1. Let s(c) = 4*c**3 + 10*c**2 + 4*c - 5. Let j(k) = 5*b(k) + s(k). Let m be j(5). Calculate the highest common divisor of m and 15.
15
Let w(c) = -c**3 + 4 + 4*c**2 + 2*c**3 + 1. Let m = 21 + -25. Let r be w(m). What is the greatest common factor of r and 2?
1
Let u(p) = 5*p**2 - p - 8. Let x be u(-3). What is the highest common factor of x and 20?
20
Suppose 2 = 4*b - 2, 0 = -3*l - 5*b + 440. Calculate the greatest common factor of 29 and l.
29
Let f(c) = -c + 5. Let g be f(0). Suppose -3*n = -4*y + 22 + 19, g*n = 4*y - 31. Calculate the highest common factor of 7 and y.
7
Let a(g) = 4*g**2 - 4. Let d be a(-4). Let k = 349 - 334. Calculate the highest common factor of d and k.
15
Let j = -18 - -68. What is the greatest common divisor of 75 and j?
25
Let s(l) = 4*l**2 - 9*l + 3. Let d = -16 + 23. Let n be s(d). What is the greatest common divisor of 17 and n?
17
Let h be (0 - -2)*1/(-2). Let p = h - -2. Let j = p + 8. What is the highest common factor of j and 63?
9
Let h be 1 - (-5 - -4)*1. Calculate the highest common divisor of h and 22.
2
Suppose 4*c - 374 = -7*c. Calculate the highest common factor of 17 and c.
17
Suppose 2*g = -g + 6. Suppose -55 = -5*v + 3*f, -v - 4*f + g = -9. Calculate the greatest common factor of v and 44.
11
Let z be 47 - (-5)/((-10)/4). Let x = 16 - 7. What is the highest common divisor of z and x?
9
Let x = 67 - 29. Calculate the highest common divisor of x and 190.
38
Let t(w) = -w - 29. Let j be t(0). Let x = 7 - j. What is the highest common divisor of 4 and x?
4
Let h(w) = -w**3 - 8*w**2 - 13*w + 12. Let a be h(-6). What is the greatest common factor of a and 234?
18
Suppose -2*t + 5*x = -13, 3*t + 0*t + 4*x - 31 = 0. What is the highest common divisor of 36 and t?
9
Let l(o) = -5*o**3 + 2*o**2 + o. Let p be l(-1). Let i = 0 + 1. Let k be 2 - (i + -1 + -40). What is the greatest common divisor of k and p?
6
Let l(a) = 14*a + 20. Let b(s) = 3*s + 4. Let y(c) = -16*b(c) + 3*l(c). Let u be y(-4). Let w = 28 + 22. What is the greatest common factor of u and w?
10
Let p be 180*(-40)/(-75)*3. Calculate the greatest common factor of p and 12.
12
Let d = 13 - 10. What is the greatest common divisor of d and 2?
1
Let h = 3 + -14. Let l(v) = v**2 + 7*v - 8. Let a be l(h). Calculate the highest common factor of 24 and a.
12
Suppose -2*p + 11 = -p. Suppose -119 = -8*l + 585. What is the highest common divisor of l and p?
11
Let r = -1 + 4. Suppose -3*j + 38 = -4*l, r*l + 25 = 5*j - 3*j. Calculate the highest common divisor of j and 7.
7
Suppose 0 = 2*r - 2*b - 43 + 11, -73 = -3*r - 2*b. Let h = -20 + r. What is the greatest common divisor of h and 5?
1
Let v be (1 + 1)*6/4. Suppose -2*i + 9 = -4*w + 1, -v*w + 9 = i. Let l be (2/(-3))/((-14)/63). What is the highest common divisor of l and i?
3
Let y(i) = -i**3 + 19*i**2 + 20*i + 27. Let k be y(20). Calculate the highest common divisor of k and 243.
27
Suppose 3*g - 273 + 45 = 0. Let p = -5 + 1. Let l = p + 23. Calculate the greatest common divisor of l and g.
19
Suppose -104 = -0*t - 4*t. Calculate the highest common divisor of t and 39.
13
Let r(q) = 3*q + 5. Let h be r(2). What is the greatest common divisor of h and 66?
11
Let y(h) = 5*h**3 - 6*h**2 + 1. Suppose 20 = -0*s + 5*s. Let g be y(s). What is the greatest common divisor of 25 and g?
25
Suppose -2 = 2*i - 2*z, 0*z + 3*z - 27 = -3*i. Let a be 4 + 1 + (-8)/i. Suppose a*m - 2*m = 8. What is the highest common divisor of m and 20?
4
Let j be (1 + 0)/(2/(-404)). Let k = j + 135. Let w be (-4)/12 - k/3. What is the greatest common divisor of 2 and w?
2
Let l = -51 + 111. Suppose 5*p = 2*v + 2*v - 29, 3*v - 3*p = 21. Suppose h - v = 6. What is the greatest common factor of l and h?
12
Let m be 8 + (0 - -2) - -1. Suppose 5*u = -3*k + 417, 2*u + u - 4*k - 227 = 0. Let o = u - -40. What is the greatest common factor of o and m?
11
Let q(v) = 3 - 1 + 3 - 4 + v. Let g be q(4). Suppose g*x - 51 = 14. Calculate the highest common divisor of x and 117.
13
Let t = 11 - -33. Calculate the greatest common divisor of 33 and t.
11
Let f = -2 - -6. Suppose 4*u - 8 = t, 3*t = 2*u + 3*u + 11. What is the greatest common divisor of t and f?
4
Suppose -6*b + 52 - 10 = 0. Calculate the highest common factor of b and 91.
7
Let w(p) = -2*p**2 - 1 + 0*p + 0*p**2 + 2*p + 237*p**3. Let v be w(1). Let s be (-8)/(-20) + v/10. Calculate the greatest common factor of 16 and s.
8
Let i be (1 - 2/(-6))*3. Suppose 3*o + o + 8 = -4*m, 0 = 3*o + 12. What is the greatest common factor of m and i?
2
Let o = -9 - -63. Let q = -32 + o. Let p be (-88)/(((-10)/(-4))/(-5)). What is the greatest common divisor of q and p?
22
Suppose j - 11 = -0*j. Calculate the greatest common divisor of j and 88.
11
Let p(i) = i - 3. Let f(s) = -s + 7. Let z be f(4). Let j be p(z). Let a be j + 3 + -2 - -18. What is the highest common factor of 76 and a?
19
Let t be 24/5*(-490)/(-21). Calculate the highest common divisor of t and 16.
16
Suppose 8*n - 3*n - 59 = -2*m, -m - n = -22. What is the greatest common factor of m and 85?
17
Let r = -8 - -11. Suppose r*a + 0*g - g = 44, 62 = 5*a + 4*g. Calculate the greatest common divisor of 21 and a.
7
Let w(u) = -2*u**3 - 2*u**2 - 3*u + 5. Let l be w(-4). Let n be 2/6 - l/(-3). Suppose -3*p = -28 - n. What is the greatest common factor of 33 and p?
11
Suppose 4*t = 17 + 15. Suppose 5*r = r + t. Let i = 1 - 0. What is the greatest common divisor of r and i?
1
Suppose -x = -3*x + 2*y + 120, x - 60 = -4*y. What is the highest common factor of 24 and x?
12
Let s = 3 - -9. Suppose 0*f - 6 = -2*f - 2*d, 4*f - 4*d = s. Calculate the greatest common divisor of 1 and f.
1
Suppose 4*a - t - t - 516 = 0, 0 = -4*a + 3*t + 514. Calculate the greatest common factor of 52 and a.
26
Suppose -3*o + u = 4, 0*u = 2*o + u + 1. Let x be 2/o + 7 + -1. Calculate the greatest common factor of x and 36.
4
Suppose -28 = 3*m + a, -m = -3*m - 5*a - 36. Let l(x) = x**3 + 7*x**2 - 9*x - 3. Let w be l(m). What is the greatest common divisor of w and 1?
1
Let b(o) = 3*o + 1. Let j be b(5). Calculate the highest common divisor of 16 and j.
16
Suppose 2*j - 43 = 21. What is the greatest common divisor of j and 16?
16
Suppose -185 = 5*x - 635. Calculate the highest common factor of 60 and x.
30
Suppose 3*c - 5*c = -70. Let m(x) = x**2 + 5*x + 5. Let i be m(-5). Calculate the highest common divisor of c and i.
5
Let v(r) = 19*r - 43. Let i(w) = -9*w + 21. Let g(x) = -13*i(x) - 6*v(x). Let u be g(8). Calculate the highest common factor of 18 and u.
9
Let s be (9/(-21))/((-3)/21). Calculate the greatest common divisor of s